0.
18
What is the greatest common factor of 2499 and 147?
147
Calculate the greatest common divisor of 725 and 50.
25
Calculate the highest common factor of 780 and 1680.
60
Calculate the highest common factor of 71 and 5183.
71
Calculate the greatest common divisor of 3707 and 4718.
337
What is the highest common divisor of 33 and 77?
11
Calculate the greatest common factor of 3551 and 134.
67
Calculate the highest common divisor of 175 and 140.
35
Calculate the greatest common divisor of 19 and 127.
1
Calculate the highest common divisor of 348 and 48.
12
What is the highest common factor of 62 and 1302?
62
What is the greatest common divisor of 166 and 581?
83
What is the highest common factor of 105 and 189?
21
Calculate the greatest common divisor of 220 and 9460.
220
Calculate the highest common factor of 48 and 16.
16
Calculate the highest common divisor of 55 and 45.
5
Calculate the highest common divisor of 7742 and 1264.
158
Calculate the greatest common divisor of 33 and 253.
11
Calculate the highest common factor of 34 and 16.
2
Calculate the highest common divisor of 128 and 32.
32
What is the highest common factor of 6570 and 126?
18
What is the greatest common factor of 184 and 120?
8
Calculate the highest common divisor of 435 and 928.
29
What is the greatest common factor of 153 and 7191?
153
Calculate the greatest common divisor of 23 and 69.
23
What is the greatest common factor of 5 and 305?
5
What is the highest common factor of 16 and 2724?
4
Calculate the highest common divisor of 92 and 8.
4
What is the highest common divisor of 150 and 175?
25
What is the greatest common factor of 35 and 21350?
35
Calculate the highest common divisor of 29 and 667.
29
What is the greatest common divisor of 909 and 18?
9
What is the greatest common factor of 75 and 40?
5
Calculate the greatest common factor of 3760 and 2160.
80
Calculate the greatest common divisor of 770 and 1430.
110
What is the highest common factor of 2 and 108?
2
Calculate the greatest common divisor of 356 and 4.
4
What is the greatest common factor of 234 and 442?
26
What is the greatest common divisor of 8750 and 70?
70
Calculate the highest common divisor of 400 and 64.
16
What is the greatest common factor of 2414 and 34?
34
Calculate the highest common factor of 4636 and 76.
76
What is the highest common divisor of 52 and 1924?
52
What is the greatest common factor of 135 and 345?
15
What is the greatest common divisor of 20 and 332?
4
What is the greatest common factor of 4 and 74?
2
Calculate the greatest common factor of 1935 and 215.
215
What is the greatest common divisor of 28 and 13762?
14
What is the highest common divisor of 41 and 14?
1
Calculate the highest common factor of 396 and 44.
44
What is the greatest common factor of 315 and 6993?
63
What is the highest common divisor of 4553 and 29?
29
Calculate the highest common factor of 356 and 52.
4
What is the greatest common divisor of 8 and 152?
8
Calculate the highest common factor of 710 and 25.
5
Calculate the highest common divisor of 104 and 2504.
8
Calculate the highest common factor of 385 and 308.
77
Calculate the highest common divisor of 20 and 6360.
20
Calculate the greatest common factor of 70 and 315.
35
Calculate the greatest common factor of 132 and 3.
3
What is the highest common divisor of 25 and 425?
25
What is the highest common factor of 477 and 45?
9
Calculate the greatest common divisor of 232 and 4.
4
Calculate the greatest common divisor of 486 and 12.
6
What is the highest common divisor of 50 and 40?
10
Calculate the highest common divisor of 423 and 4089.
141
Calculate the greatest common divisor of 4344 and 24.
24
What is the greatest common divisor of 322 and 138?
46
What is the greatest common factor of 15 and 1905?
15
What is the highest common factor of 50 and 5960?
10
What is the greatest common divisor of 32 and 1888?
32
What is the greatest common factor of 148 and 111?
37
Calculate the greatest common factor of 98 and 826.
14
Calculate the greatest common divisor of 1264 and 24.
8
What is the greatest common factor of 570 and 2622?
114
What is the greatest common divisor of 80 and 220?
20
Calculate the greatest common divisor of 95222 and 94.
94
What is the greatest common factor of 30 and 190?
10
Calculate the greatest common factor of 2820 and 660.
60
Calculate the greatest common factor of 17 and 289.
17
Calculate the greatest common factor of 560 and 175.
35
What is the highest common divisor of 18868 and 89?
89
Calculate the highest common factor of 3670 and 30.
10
Calculate the highest common divisor of 25 and 35.
5
Calculate the highest common divisor of 11995 and 5.
5
Calculate the greatest common factor of 9 and 3900.
3
What is the greatest common factor of 144 and 1500?
12
What is the greatest common factor of 10 and 45?
5
Calculate the highest common divisor of 1455 and 15.
15
Calculate the greatest common divisor of 14 and 518.
14
Calculate the greatest common factor of 103916 and 166.
166
What is the greatest common divisor of 1696 and 530?
106
What is the greatest common divisor of 30 and 4110?
30
What is the highest common factor of 12 and 76?
4
Calculate the highest common factor of 1404 and 39.
39
Calculate the greatest common factor of 270 and 6642.
54
Calculate the greatest common factor of 120 and 615.
15
What is the highest common divisor of 48 and 3952?
16
Calculate the greatest common factor of 23 and 184.
23
What is the greatest common divisor of 22 and 44?
22
Calculate the highest common divisor of 9584 and 64.
16
Calculate the greatest common factor of 3948 and 504.
84
Calculate the highest common factor of 837 and 1829.
31
Calculate the highest common divisor of 8836 and 188.
188
What is the highest common divisor of 518 and 962?
74
What is the highest common factor of 696 and 600?
24
Calculate the greatest common divisor of 107 and 5029.
107
What is the greatest common divisor of 10 and 74?
2
Calculate the greatest common factor of 63 and 812.
7
Calculate the greatest common divisor of 14658 and 42.
42
Calculate the highest common factor of 114 and 532.
38
Calculate the highest common factor of 3400 and 40.
40
Calculate the greatest common divisor of 854 and 14.
14
Calculate the highest common divisor of 10 and 10670.
10
What is the greatest common factor of 1281 and 147?
21
Calculate the greatest common factor of 11 and 3971.
11
Calculate the greatest common factor of 72 and 180.
36
What is the highest common divisor of 2288 and 2704?
208
Calculate the highest common divisor of 32 and 4.
4
What is the highest common divisor of 150 and 18?
6
Calculate the greatest common factor of 250 and 125.
125
What is the greatest common factor of 945 and 35?
35
Calculate the greatest common divisor of 216 and 106272.
216
Calculate the greatest common factor of 4202 and 8022.
382
What is the greatest common factor of 92 and 529?
23
Calculate the highest common factor of 1896 and 16.
8
Calculate the highest common divisor of 94 and 1034.
94
What is the highest common factor of 244 and 305?
61
Calculate the greatest common divisor of 630 and 720.
90
Calculate the highest common factor of 1284 and 24.
12
Calculate the greatest common factor of 45 and 90.
45
What is the greatest common divisor of 189 and 168?
21
What is the highest common factor of 29993 and 89?
89
What is the greatest common factor of 209 and 11?
11
Calculate the highest common divisor of 9 and 51.
3
What is the greatest common factor of 348 and 8120?
116
What is the greatest common factor of 84 and 1288?
28
Calculate the greatest common factor of 306 and 198.
18
What is the greatest common factor of 71 and 284?
71
Calculate the greatest common factor of 11 and 473.
11
Calculate the highest common divisor of 14 and 86.
2
What is the greatest common divisor of 899 and 29?
29
Calculate the greatest common factor of 986 and 145.
29
What is the highest common factor of 702 and 18?
18
Calculate the highest common divisor of 1071 and 567.
63
What is the greatest common factor of 450 and 200?
50
What is the highest common factor of 1210 and 374?
22
Calculate the highest common factor of 41 and 5617.
41
What is the greatest common divisor of 230 and 2415?
115
Calculate the highest commo